rime factors of 13468906.
2, 11, 612223
What are the prime factors of 1046632?
2, 130829
What are the prime factors of 946110?
2, 3, 5, 11, 47, 61
What are the prime factors of 102736?
2, 6421
List the prime factors of 327721.
327721
List the prime factors of 811169.
67, 12107
What are the prime factors of 7650523?
293, 26111
List the prime factors of 885515.
5, 29, 31, 197
List the prime factors of 355704.
2, 3, 14821
List the prime factors of 505867.
505867
List the prime factors of 464339.
97, 4787
What are the prime factors of 531726?
2, 3, 13, 17, 401
List the prime factors of 8137296.
2, 3, 56509
What are the prime factors of 199578?
2, 3, 29, 31, 37
List the prime factors of 906267.
3, 181, 1669
What are the prime factors of 411945?
3, 5, 29, 947
List the prime factors of 143093.
143093
What are the prime factors of 495050?
2, 5, 9901
List the prime factors of 120302.
2, 7, 13, 661
List the prime factors of 27445.
5, 11, 499
What are the prime factors of 3411888?
2, 3, 71081
What are the prime factors of 60281?
13, 4637
List the prime factors of 197277.
3, 19, 3461
List the prime factors of 15657707.
13, 641, 1879
List the prime factors of 17456428.
2, 11, 36067
What are the prime factors of 199286?
2, 99643
List the prime factors of 16672733.
7, 11, 17, 47, 271
List the prime factors of 886459.
7, 79, 229
List the prime factors of 676587.
3, 225529
List the prime factors of 10310290.
2, 5, 31, 79, 421
What are the prime factors of 117107?
181, 647
List the prime factors of 12758937.
3, 19, 223841
List the prime factors of 53331.
3, 29, 613
What are the prime factors of 7840077?
3, 7, 17, 21961
List the prime factors of 323467.
323467
List the prime factors of 16721729.
19, 880091
What are the prime factors of 1381941?
3, 11, 47
List the prime factors of 217466.
2, 227, 479
What are the prime factors of 2246367?
3, 748789
What are the prime factors of 901883?
31, 47, 619
List the prime factors of 5316862.
2, 1181, 2251
What are the prime factors of 6958957?
6958957
List the prime factors of 1041743.
17, 233, 263
What are the prime factors of 16366882?
2, 7, 167009
What are the prime factors of 8588428?
2, 2147107
List the prime factors of 130660.
2, 5, 47, 139
What are the prime factors of 11918261?
1433, 8317
List the prime factors of 117228.
2, 3, 9769
List the prime factors of 307222.
2, 153611
List the prime factors of 1648415.
5, 329683
What are the prime factors of 6078238?
2, 197, 15427
What are the prime factors of 1209536?
2, 18899
What are the prime factors of 505981?
7, 41, 43
What are the prime factors of 3161688?
2, 3, 103, 1279
List the prime factors of 59950.
2, 5, 11, 109
List the prime factors of 2996681.
2996681
What are the prime factors of 7744946?
2, 11, 352043
What are the prime factors of 347015?
5, 69403
List the prime factors of 872595.
3, 5, 19391
What are the prime factors of 7771622?
2, 83, 46817
What are the prime factors of 807535?
5, 161507
List the prime factors of 186977.
7, 26711
List the prime factors of 24450770.
2, 5, 29, 84313
List the prime factors of 9677207.
113, 85639
List the prime factors of 10244937.
3, 59, 57881
What are the prime factors of 1529769?
3, 419, 1217
List the prime factors of 534903.
3, 178301
List the prime factors of 2504847.
3, 834949
List the prime factors of 180777.
3, 60259
What are the prime factors of 438655?
5, 7, 83, 151
What are the prime factors of 872056?
2, 61, 1787
What are the prime factors of 1265064?
2, 3, 52711
List the prime factors of 1303735.
5, 260747
What are the prime factors of 758716?
2, 7, 79
What are the prime factors of 41311?
109, 379
List the prime factors of 169142.
2, 23, 3677
What are the prime factors of 67746?
2, 3, 7, 1613
What are the prime factors of 1056240?
2, 3, 5, 163
List the prime factors of 9960155.
5, 1992031
What are the prime factors of 7144999?
7144999
What are the prime factors of 794910?
2, 3, 5, 26497
List the prime factors of 382694.
2, 13, 41, 359
List the prime factors of 40886.
2, 20443
List the prime factors of 10454967.
3, 31, 12491
List the prime factors of 146070.
2, 3, 5, 541
List the prime factors of 177836.
2, 23, 1933
What are the prime factors of 928393?
577, 1609
List the prime factors of 628293.
3, 209431
List the prime factors of 6029446.
2, 37, 59, 1381
List the prime factors of 3450242.
2, 1725121
List the prime factors of 957092.
2, 239273
What are the prime factors of 21622963?
17, 1271939
List the prime factors of 8982886.
2, 11, 223, 1831
What are the prime factors of 108787?
7, 15541
List the prime factors of 1427087.
41, 34807
What are the prime factors of 1123518?
2, 3, 11, 29, 587
What are the prime factors of 105292?
2, 11, 2393
List the prime factors of 8529640.
2, 5, 7, 41, 743
List the prime factors of 1247196.
2, 3, 37, 53
List the prime factors of 6246969.
3, 37, 167, 337
What are the prime factors of 4252607?
47, 90481
List the prime factors of 497768.
2, 43, 1447
What are the prime factors of 26675933?
1291, 20663
List the prime factors of 8378428.
2, 37, 56611
List the prime factors of 3250586.
2, 349, 4657
What are the prime factors of 42060131?
2731, 15401
What are the prime factors of 969281?
41, 47, 503
What are the prime factors of 12845336?
2, 7, 17, 103, 131
List the prime factors of 318966.
2, 3, 53161
List the prime factors of 1854544.
2, 31, 3739
What are the prime factors of 9803765?
5, 127, 15439
What are the prime factors of 5376581?
7, 37, 20759
List the prime factors of 18013191.
3, 7, 37, 97, 239
List the prime factors of 21478683.
3, 19, 376819
What are the prime factors of 5241535?
5, 13, 6203
List the prime factors of 3670893.
3, 79, 1721
List the prime factors of 149223.
3, 49741
What are the prime factors of 2051588?
2, 7, 11, 6661
What are the prime factors of 1979742?
2, 3, 329957
What are the prime factors of 1150658?
2, 31, 67, 277
List the prime factors of 482155.
5, 96431
List the prime factors of 222097.
41, 5417
What are the prime factors of 198222?
2, 3, 33037
List the prime factors of 6061774.
2, 73, 41519
What are the prime factors of 754913?
307, 2459
What are the prime factors of 21188930?
2, 5, 7, 421, 719
List the prime factors of 4255644.
2, 3, 17, 23, 907
List the prime factors of 786724.
2, 196681
List the prime factors of 33339186.
2, 3, 19, 71, 1373
List the prime factors of 5374933.
1553, 3461
List the prime factors of 3844292.
2, 961073
What are the prime factors of 4855242?
2, 3, 7, 115601
List the prime factors of 280412.
2, 11, 6373
List the prime factors of 2398404.
2, 3, 269, 743
What are the prime factors of 10203961?
17, 600233
What are the prime factors of 217618?
2, 53, 2053
List the prime factors of 1658638.
2, 829319
What are the prime factors of 2440657?
2440657
What are the prime factors of 9189425?
5, 7, 52511
List the prime factors of 1336615.
5, 7, 38189
List the prime factors of 3885294.
2, 3, 7, 92507
List the prime factors of 1125101.
151, 7451
List the prime factors of 3169885.
5, 101, 6277
List the prime factors of 370799.
11, 13, 2593
List the prime factors of 249833.
249833
List the prime factors of 1465770.
2, 3, 5, 48859
List the prime factors of 952839.
3, 105871
What are the prime factors of 788351?
788351
List the prime factors of 101232.
2, 3, 19, 37
List the prime factors of 157782.
2, 3, 26297
What are the prime factors of 209023?
43, 4861
What are the prime factors of 11832686?
2, 59, 149, 673
What are the prime factors of 372690?
2, 3, 5, 41, 101
What are the prime factors of 846160?
2, 5, 7, 1511
What are the prime factors of 354394?
2, 79, 2243
List the prime factors of 63399.
3, 7, 3019
What are the prime factors of 6470930?
2, 5, 37, 17489
List the prime factors of 4466971.
17, 127, 2069
List the prime factors of 879337.
719, 1223
List the prime factors of 242166.
2, 3, 40361
What are the prime factors of 99902?
2, 11, 19, 239
What are the prime factors of 9095540?
2, 5, 454777
List the prime factors of 13108998.
2, 3, 7, 107, 2917
List the prime factors of 1108820.
2, 5, 55441
List the prime factors of 308438.
2, 13, 11863
What are the prime factors of 838761?
3, 7, 11, 3631
What are the prime factors of 4494109?
317, 14177
List the prime factors of 2185376.
2, 31, 2203
What are the prime factors of 158691?